 - 248, 3*k + 218 = l. Let c = l + -207. Calculate the highest common divisor of c and 6.
2
Let h be 0 + (-72 + 9)/7 + 579. Calculate the greatest common divisor of h and 741.
57
Let q = -1391 - -1394. Calculate the greatest common divisor of q and 474.
3
Suppose w + 200 = 6*p - p, -w - 160 = -4*p. Let u = -492 + 498. What is the greatest common divisor of u and p?
2
Let o be 0 - 0 - ((148 - 4)/(-12) - -6). Suppose 0*p - 4*p - 212 = 0. Let q = p + 95. Calculate the highest common divisor of q and o.
6
Let b = 41 + -41. Suppose -25*g + 22*g = b. Let z be (-52)/(-6)*(g + 6). Calculate the highest common factor of z and 130.
26
Let d be 63/42*(-112)/(-7). What is the greatest common factor of 520 and d?
8
Let a = -37 + 39. Suppose -a*n = -3*n + 7. Suppose o = n + 13. Calculate the greatest common divisor of o and 160.
20
Let p be 46 + 152/19 + -29. Calculate the greatest common divisor of p and 36675.
25
Let m = -8979 + 8993. Calculate the highest common divisor of 15274 and m.
14
Suppose -153 = -t - 149. Suppose -5*g - 11 = 3*r, -3*r - g = r + 43. Let j be ((-33)/r)/(t/208). What is the greatest common divisor of j and 13?
13
Suppose -18*a + 11*a = -10*a. Suppose a = 14*c - 1524 - 1318. What is the highest common factor of 87 and c?
29
Let u(g) = -380*g - 10. Let o be u(1). Let a = -270 - o. What is the greatest common divisor of 90 and a?
30
Suppose 9*p = -38*p - 39*p + 5848. Calculate the highest common divisor of p and 2074.
34
Let g(i) = i**3 - 3*i**2 + i + 2. Let j be g(3). Let t = -63 + j. Let w = t + 66. What is the highest common factor of w and 1?
1
Let m(f) = 2*f**2 - 67*f + 21. Let q be m(35). Let j = 14 + 0. Calculate the highest common factor of j and q.
14
Let c = -29846 - -49392. What is the highest common divisor of 58 and c?
58
Let z(h) = 24*h + 2123. Let d be z(-75). Calculate the highest common factor of d and 171.
19
Let q(d) = -22*d**3 + 6*d**2 + 23*d + 2. Let u be q(-3). What is the greatest common factor of u and 14?
7
Let q = -10548 + 14248. Calculate the greatest common factor of 200 and q.
100
Suppose -5*p + 4*d + 37 = -51, -3*d = 4*p - 58. Let a(g) = g - 12. Let h be a(p). Calculate the greatest common factor of h and 18.
2
Let f(s) = -835*s + 7705. Let z be f(9). What is the greatest common factor of z and 760?
190
Let v(m) be the first derivative of -m**4/4 - 2*m**3/3 + m**2/2 + 12*m + 76. Let s be v(-3). What is the highest common divisor of s and 12?
6
Let j(l) = -4*l**2 - 48*l. Let s be j(4). Let n = -226 - s. Let f(p) = -121*p - 1. Let q be f(-1). Calculate the greatest common factor of n and q.
30
Suppose -2*w = -4, 5*g - 171 = -5*w + 169. Suppose -3*a + a + 2*q = -6, 2*q + 24 = 5*a. Calculate the greatest common divisor of a and g.
6
Let n = -110 - -270. Let b(p) = 13*p**3 + 68*p**2 + 20*p + 39. Let m be b(-3). Calculate the greatest common divisor of n and m.
80
Suppose 0 = -428*t + 432*t - 696. Calculate the highest common factor of 116 and t.
58
Suppose -8 = -4*s + 216. Let a be 3 - (-6 + 3 + -50). What is the highest common factor of s and a?
56
Suppose 4*w + o = 580, -w = 4*o - 5*o - 145. Suppose 0 = -2*c - z + w, 3*z + 116 + 88 = 3*c. What is the highest common divisor of c and 213?
71
Let j = 196 + -111. Suppose 45*q = 31*q + 70. Suppose -38*p = -q*p - 1122. Calculate the greatest common factor of j and p.
17
Let h be ((-1)/((-2)/(-8)) + (-595)/(-175))*-10. Calculate the highest common divisor of h and 2358.
6
Suppose 7*w = 5*w + w + 12. What is the greatest common factor of 684 and w?
12
Suppose 45*c - 6*c - 21684 = 0. Suppose 0 = 18*x - 15*x - 2*g - 829, -2*x + 3*g = -c. What is the highest common factor of x and 25?
25
Let f = -15 + 19. Let i be f/(-10) - (-119)/35. Let l = -233 - -235. What is the highest common factor of l and i?
1
Let f be ((-6)/60)/(8/(-16))*205. What is the greatest common divisor of f and 29?
1
Suppose -2*x + 58 = 3*y - 9, x = -5*y + 121. Let m = 122 + -22. Calculate the greatest common divisor of m and y.
25
Suppose -377 = 4*y + 127. Let r = y - -192. Let t = 241 - 76. What is the greatest common divisor of r and t?
33
Suppose 4*d - 220 = 4*v, v - 5847 = -5860. Let h be 148 + (-1 - -3)/(-2). Calculate the highest common factor of h and d.
21
Suppose 2*k - 5*g = -3*g + 10, 4*k = 3*g + 22. Suppose 25 = 4*i - k. What is the highest common factor of 184 and i?
8
Let x = 279 + -138. Let l be (-376)/x*2/(4/(-21)). Calculate the highest common divisor of l and 4.
4
Let b = 361 + -389. Let v be 8*((-371)/b + 0). What is the highest common divisor of v and 2?
2
Let g be (-5876832)/(-1056) + 6/(-33). What is the greatest common factor of 1325 and g?
265
Suppose 29 = 60*t - 271. Let f(l) be the first derivative of -3*l**2/2 + 13*l - 2. Let c be f(-9). Calculate the highest common divisor of t and c.
5
Suppose -129*i + 37226 = 44*i + 4356. What is the greatest common divisor of i and 7372?
38
Suppose 0 = 41*z - 10476 - 2849. Suppose z = 5*l + 3*j, 7*j - 65 = -l + 3*j. Calculate the highest common divisor of l and 39.
13
Let l = -5847 - -6177. What is the greatest common divisor of 1518 and l?
66
Let f be (24/(-28))/(13/(-12103)). What is the highest common divisor of 84 and f?
42
Suppose -340 = -5*g - 5*t, -4*t - 142 = -5*g + 3*g. Suppose -111 = -10*s + g. What is the highest common divisor of 2 and s?
2
Let z be (-4)/(-20) - 18/15. Let g be (0 + (z - 3))*-1. Let f(u) = 45*u**2 + 173*u - 4. Let k be f(-4). Calculate the greatest common factor of g and k.
4
Let b be ((-72)/84)/(2/84). Let x = b - -45. Suppose 3*o = 14*o - 198. What is the greatest common divisor of x and o?
9
Suppose 0 = -j - 5*b + 35, -3*j + b - 199 = -8*j. Suppose z - 596 = -r, 2*z + r = -z + 1790. Let i = z + -577. What is the highest common factor of i and j?
20
Suppose -4*m = -2*l - 1812, -4*l - 182 = m - 635. Calculate the highest common factor of 3 and m.
3
Let w = -30846 - -33291. Calculate the greatest common divisor of 75 and w.
15
Let g(k) = -k**2 - 10*k - 45. Let s be g(-15). Let x be (-15)/(-6)*s/(-75). What is the highest common divisor of 92 and x?
4
Let o(u) = -3*u - 1. Let t be o(-5). Suppose 312 = 5*g + 77. Suppose 3*c - g = 37. Calculate the greatest common divisor of t and c.
14
Let v be (-14)/(-168)*-16 + 1832/6. What is the greatest common factor of v and 336?
16
Suppose -246 = -3*v - 3*r, -5*v + 4*r + 158 = -3*v. What is the greatest common divisor of 2241 and v?
27
Suppose -9*p - 9586 + 58492 = 0. What is the greatest common divisor of p and 143?
143
Let g = -1 + 1. Suppose 2*v + 5 - 29 = g. Let r(l) = -l**3 - 2*l**2 - l + 60. Let i be r(0). Calculate the highest common factor of i and v.
12
Let z be -21 + 244 + (-43 - -9). Let f = 309 + -174. Calculate the greatest common divisor of z and f.
27
Let o be (-6)/(-9)*-6*3/(-6). Let i be 11/(-22) + o/4. Suppose 2*d - 30 = -2*n, -d + i*d = -3*n + 41. Calculate the greatest common factor of n and 14.
14
Let i = 22566 + -19656. Calculate the highest common divisor of i and 90.
30
Let n = -3518 + 3534. Let w(r) = r**2 + r + 224. Suppose i + 2*i = -b + 5, 4*i = -5*b + 25. Let c be w(i). Calculate the highest common divisor of n and c.
16
Suppose -i + 28 = 5*x, i + 11 = x + 27. Let a be (-3)/(i/4)*(-102 + 12). Let f be (-7*5/20)/((-1)/a). Calculate the highest common factor of 15 and f.
15
Let v = -1122 - -1135. Suppose -6 = -p - 3. Let r be p + (-2)/((-4)/202). What is the highest common factor of r and v?
13
Suppose 67*s - 3*s = -28*s + 563776. What is the highest common divisor of s and 16?
16
Suppose 3*t = 3*w + 4542, 6*t + 2*w = 5*t + 1508. Suppose -t = 7*h - 31*h. What is the highest common divisor of h and 84?
21
Suppose -138*u + 32*u - 167*u = -25935. What is the highest common divisor of u and 4237?
19
Suppose -86289 = -133*w + 36603. What is the greatest common factor of 11396 and w?
308
Let x(b) = -5*b - 32. Let j be x(-11). Let i be 262/(-4)*18/9. Let r = i - -223. Calculate the highest common divisor of r and j.
23
Let w(j) = -7*j**2 - 45*j - 44. Let f be w(-5). What is the greatest common factor of 208 and f?
2
Let f = -15 + 48. Let n be 35/(1575/13290) - 10/(-6). Calculate the highest common factor of n and f.
33
Suppose -5*y + 3*g + 458 = 0, 5*g - 209 = -5*y + 241. Let v = 332 + y. What is the greatest common divisor of 47 and v?
47
Let g(